ctors of 133079504.
2, 2503, 3323
List the prime factors of 350970755.
5, 19, 3694429
What are the prime factors of 242718273?
3, 7, 43, 89597
List the prime factors of 5602360116.
2, 3, 466863343
List the prime factors of 219257930.
2, 5, 37, 592589
What are the prime factors of 137318176?
2, 4291193
What are the prime factors of 1721985777?
3, 17, 3751603
What are the prime factors of 48941084?
2, 37, 330683
What are the prime factors of 233587380?
2, 3, 5, 13, 299471
List the prime factors of 450245524.
2, 47, 433, 5531
What are the prime factors of 1045659314?
2, 7, 2791, 3823
What are the prime factors of 171891201?
3, 641, 89387
What are the prime factors of 5305866764?
2, 11, 120587881
What are the prime factors of 187398371?
547, 342593
List the prime factors of 95594603.
13, 7353431
List the prime factors of 2783770368.
2, 3, 113, 32077
What are the prime factors of 79459306?
2, 79, 631, 797
What are the prime factors of 446598485?
5, 4111, 21727
List the prime factors of 1638464830.
2, 5, 97, 467, 3617
What are the prime factors of 1365753491?
1365753491
List the prime factors of 481584386.
2, 61, 3947413
List the prime factors of 133969695.
3, 5, 8931313
List the prime factors of 70845892.
2, 13, 1362421
What are the prime factors of 147809334?
2, 3, 1223, 20143
List the prime factors of 1509307130.
2, 5, 10163, 14851
List the prime factors of 30763589.
211, 145799
List the prime factors of 115111709.
17, 19, 18757
What are the prime factors of 151115788?
2, 17, 61, 2143
What are the prime factors of 163648366?
2, 7, 11689169
What are the prime factors of 946346983?
23, 41145521
What are the prime factors of 6647311183?
29, 31, 37, 337, 593
List the prime factors of 16713214.
2, 7, 199, 857
What are the prime factors of 4828277324?
2, 13, 92851487
List the prime factors of 101228598.
2, 3, 5623811
List the prime factors of 709730280.
2, 3, 5, 7, 17, 16567
What are the prime factors of 884329614?
2, 3, 7, 1999, 3511
List the prime factors of 354987535.
5, 7, 10142501
List the prime factors of 1130098653.
3, 4073, 30829
List the prime factors of 4895817414.
2, 3, 31, 26321599
What are the prime factors of 198901339?
7, 13, 24019
What are the prime factors of 226674956?
2, 449, 126211
What are the prime factors of 48943977?
3, 23, 331, 2143
List the prime factors of 171905976.
2, 3, 11, 8039
What are the prime factors of 1633892853?
3, 544630951
What are the prime factors of 7071712856?
2, 13, 67997239
List the prime factors of 56218288.
2, 7, 71707
What are the prime factors of 133189577?
17, 547, 14323
What are the prime factors of 1077626209?
11, 17, 59, 97673
What are the prime factors of 67933033?
7, 1721, 5639
List the prime factors of 5206373717.
619, 8410943
List the prime factors of 43293599.
71, 73, 8353
List the prime factors of 542531221.
542531221
What are the prime factors of 66465440?
2, 5, 415409
What are the prime factors of 83494512?
2, 3, 19, 30517
List the prime factors of 321065801.
7, 45866543
List the prime factors of 3626822596.
2, 906705649
List the prime factors of 252205573.
252205573
What are the prime factors of 72117125?
5, 67, 79, 109
What are the prime factors of 33911654?
2, 7, 2422261
List the prime factors of 570476575.
5, 61, 374083
What are the prime factors of 92258298?
2, 3, 11, 155317
List the prime factors of 435831896.
2, 5443, 10009
What are the prime factors of 1691826049?
419, 4037771
What are the prime factors of 172170789?
3, 7, 1187, 6907
List the prime factors of 178608220.
2, 5, 7, 383, 3331
List the prime factors of 1829550429.
3, 7, 739, 13099
List the prime factors of 201917109.
3, 17, 3959159
What are the prime factors of 1384532778?
2, 3, 269, 857827
List the prime factors of 1269193.
1269193
List the prime factors of 176233356.
2, 3, 13, 17, 1303
What are the prime factors of 396700115?
5, 7, 2281, 4969
What are the prime factors of 394660213?
394660213
List the prime factors of 172204503.
3, 1429, 40169
List the prime factors of 3162304879.
3162304879
List the prime factors of 79103728.
2, 11, 127, 3539
List the prime factors of 239578329.
3, 79859443
What are the prime factors of 317488459?
11311, 28069
What are the prime factors of 98231490?
2, 3, 5, 7, 41, 3803
List the prime factors of 4797270944.
2, 29, 761, 6793
List the prime factors of 7533361242.
2, 3, 11, 38047279
List the prime factors of 269814859.
8849, 30491
What are the prime factors of 309797289?
3, 34421921
List the prime factors of 2222513676.
2, 3, 19, 3249289
List the prime factors of 16607417.
43, 386219
What are the prime factors of 1010298772?
2, 7, 59, 611561
List the prime factors of 17603505.
3, 5, 31, 12619
List the prime factors of 57162217.
7, 8166031
What are the prime factors of 2079938870?
2, 5, 29, 797, 8999
List the prime factors of 2471715543.
3, 11, 1039, 72089
What are the prime factors of 15954333?
3, 43, 123677
What are the prime factors of 127087253?
241, 527333
List the prime factors of 59338507.
59338507
List the prime factors of 750314713.
193, 3887641
What are the prime factors of 52789651?
727, 72613
List the prime factors of 47504002.
2, 7, 13, 261011
What are the prime factors of 662432979?
3, 13, 499, 34039
List the prime factors of 186003932.
2, 167, 307, 907
What are the prime factors of 175065856?
2, 7, 211, 463
What are the prime factors of 31796128?
2, 7, 13, 61, 179
What are the prime factors of 4983681181?
353, 14118077
List the prime factors of 79460551.
29, 59, 46441
List the prime factors of 24865386.
2, 3, 7, 13, 45541
List the prime factors of 203640131.
43, 4735817
What are the prime factors of 1467341?
1467341
List the prime factors of 273286324.
2, 68321581
List the prime factors of 25797516.
2, 3, 19, 113147
List the prime factors of 171680448.
2, 3, 41, 113, 193
List the prime factors of 285004582.
2, 142502291
List the prime factors of 2863329923.
1901, 1506223
What are the prime factors of 137684685?
3, 5, 9178979
List the prime factors of 21792457.
433, 50329
What are the prime factors of 1046922175?
5, 13, 3221299
List the prime factors of 25534333.
11, 331, 7013
List the prime factors of 881590394.
2, 179, 2462543
What are the prime factors of 133163242?
2, 53, 73, 17209
What are the prime factors of 3094696059?
3, 7, 13, 47, 18553
What are the prime factors of 127794805?
5, 479, 53359
List the prime factors of 11871154.
2, 37, 59, 2719
List the prime factors of 80381901.
3, 26793967
List the prime factors of 733213207.
47, 15600281
What are the prime factors of 3973051413?
3, 41, 281, 38317
What are the prime factors of 337173723?
3, 47, 373, 2137
What are the prime factors of 752325421?
491, 1532231
What are the prime factors of 47041702?
2, 97, 242483
What are the prime factors of 2297811432?
2, 3, 7, 2113, 6473
What are the prime factors of 31140434?
2, 13, 1197709
List the prime factors of 5988175114.
2, 239, 12527563
What are the prime factors of 150320738?
2, 173, 479, 907
What are the prime factors of 3134153386?
2, 7, 13, 379, 6491
List the prime factors of 364080374.
2, 7, 167, 155723
List the prime factors of 13578608.
2, 71, 11953
What are the prime factors of 796394683?
7, 113770669
What are the prime factors of 45229288?
2, 13, 67, 6491
What are the prime factors of 70212348?
2, 3, 1950343
What are the prime factors of 2488926030?
2, 3, 5, 2459, 33739
What are the prime factors of 90528267?
3, 127, 237607
What are the prime factors of 3589948117?
7, 6277, 81703
List the prime factors of 141002703.
3, 15666967
What are the prime factors of 85594211?
85594211
List the prime factors of 39272980.
2, 5, 521, 3769
What are the prime factors of 319940697?
3, 17, 71, 149, 593
What are the prime factors of 2152150348?
2, 157, 3426991
List the prime factors of 310474599.
3, 103491533
What are the prime factors of 92422023?
3, 19, 1621439
List the prime factors of 1164674981.
17, 571, 119983
List the prime factors of 19256935.
5, 3851387
What are the prime factors of 532126748?
2, 37, 3595451
What are the prime factors of 27054916?
2, 7, 41, 23567
List the prime factors of 5672517639.
3, 2687, 703699
What are the prime factors of 263671645?
5, 19, 47, 59053
What are the prime factors of 663387549?
3, 11, 17, 1182509
What are the prime factors of 1619743